s the tens digit of (19085/(-15))/((-63)/189)?
1
Suppose 66*t - 814554 = -12*t. What is the hundreds digit of t?
4
Let m(l) = 14*l**2 - 69*l + 136. Let q(h) = 5*h**2 - 23*h + 45. Let d(v) = -4*m(v) + 11*q(v). What is the units digit of d(14)?
7
Let j(h) = h**3 - 2*h**2 + 10*h - 45. Let t be (2 - 6/4) + (-28)/(-8). Suppose -4*r + 16 = -4*n, 2*r = 3*r + t*n - 14. What is the tens digit of j(r)?
5
What is the thousands digit of 3/(-15) - 4945482/(-135)?
6
Suppose -90 = -5*v + 5*h, -4*v - 3*h + 101 - 15 = 0. Suppose -4*k = v, -2*t - 6*k = -8*k - 1174. What is the hundreds digit of t?
5
Suppose 248 = 5*z + d, z + 4*d - 28 - 14 = 0. Suppose -69 = z*g - 53*g. What is the units digit of g?
3
Suppose 9 = s + 4*f, -4*f = 2*s + 4 - 22. Suppose 7*p - s = 26. Suppose -4*r = 4*o - 236, -p*r - 78 = -4*o + 194. What is the tens digit of o?
6
Let o(z) = z**3 + 12*z**2 + 17*z - 11. Let h = 72 + -80. What is the units digit of o(h)?
9
Suppose 233 + 491 = -4*q - 2*z, -5*q - 906 = 3*z. Let u = -313 - -206. Let x = u - q. What is the tens digit of x?
7
Let i be 18/5 + 4/10. Let k(o) = 15*o + 104 - 57 + 15*o - o - 49. What is the units digit of k(i)?
4
Suppose -3*m = -5*a - 167112, 8*a - 278500 = -5*m + 13*a. What is the units digit of m?
4
Suppose -16 = 2*f - 4*w, 4*f - f + 4*w - 6 = 0. Let y be (3/f)/((-6)/1380). Suppose 3*r = 4*u - y, 2*r - 20 = -2*r. What is the units digit of u?
0
Let g(x) = -2*x**2 - 17*x + 16. Let v be g(-9). Let k = 61 + v. Let u = 192 - k. What is the units digit of u?
4
Let j(y) = 7*y**2 - 21*y + 125. Suppose f + 5 = -4*x, -f - x + 7 = -0*f. What is the units digit of j(f)?
1
Let s(k) = -k**3 - 8*k**2 - 19*k - 162. What is the hundreds digit of s(-18)?
4
What is the hundreds digit of 64/8 - -3592 - (-5 + 8)?
5
Let r(p) = p + 5. Let c be r(23). Suppose -22*z - 18 = -c*z. Suppose 138 = -0*j + j - z*b, 5*j + 5*b - 690 = 0. What is the units digit of j?
8
Let c(g) = 7*g**2 - 18*g - 47. Let i be c(-3). Let b = i + 187. What is the units digit of b?
7
Suppose -2*s = -4*i + i - 1173, 5*i - 25 = 0. Let p = s + -206. What is the units digit of p?
8
Let a(x) = 134*x**2 + 5*x - 227. What is the ten thousands digit of a(-14)?
2
Let d be (3 - 6/3) + (0 - -2). Suppose -w = 5*v - 10*v - 109, w + d*v = 125. What is the hundreds digit of w?
1
Suppose n + 4*n = 0, c + n = 0. Let w be -6*5/((-10)/8). Let o = w + c. What is the tens digit of o?
2
Let h(v) = 7*v**3 - 2*v**2 + 30*v - 474. What is the ten thousands digit of h(13)?
1
Let s = -259 + 3745. What is the thousands digit of s?
3
Let q(j) = -3*j**2 - 13*j + 33. Let g be -4*(3/2 - 2) - 12. Let s be q(g). What is the units digit of s/((6/(-3))/2)?
7
Let k = -37 + 82. Let n = k + 19. What is the tens digit of n?
6
Suppose 395 = 2*g - y + 1398, 2*y = -6. Let b = g - -873. What is the hundreds digit of b?
3
Let x be (-12)/(-72)*15 - 1/2. Suppose 2*v + 3*v + x*m = 3268, -2*m = 2*v - 1312. What is the hundreds digit of v?
6
What is the hundreds digit of ((6 - 936/(-4)) + 2)/((-4)/(-20))?
2
Let g = 70407 - 18884. What is the hundreds digit of g?
5
Let r(i) = -3*i + 1. Let m be r(2). Let w(z) = -117*z - 4 + 187*z - 107*z. What is the tens digit of w(m)?
8
Suppose -39*n - 45*n + 7*n = -728959. What is the tens digit of n?
6
Let g(r) be the third derivative of 55*r**4/12 - 25*r**3/2 + 54*r**2. What is the units digit of g(9)?
5
Suppose -27*w + 290322 = 65439. What is the hundreds digit of w?
3
Let b = -17 - -32. Suppose 10*a = -b*a + 75. What is the units digit of a?
3
Let n be 10/((11 - 3)/(-16)). Let p = n + 895. What is the tens digit of p?
7
Let q(p) = 111*p + 43. Let y be q(-2). Let i = y - -754. What is the units digit of i?
5
Suppose 99*m - 48457 = 94*m + 3*d, -3*m + 29047 = 5*d. What is the tens digit of m?
8
Suppose 2*l + 59*i = 58*i + 89544, 0 = -l + 2*i + 44772. What is the units digit of l?
2
Let k(o) = -o**3 + 8*o**2 + 6*o + 7. Let l be k(8). Let i = l + -55. Suppose i = -2*c - 2*m + 14, -6*m = 5*c - 11*m + 5. What is the units digit of c?
3
Suppose 5*s = -3*a - 8, -5*a - 5 = -2*s - 2. What is the hundreds digit of ((-456)/(-30))/(s/(-25))?
3
Let l be (-25038)/52*(-2)/(-3). Let k = 68 - l. What is the tens digit of k?
8
Let f = -153 - -307. Let v = f + -4. What is the units digit of v?
0
Let h(v) = 2*v**2 - 24*v - 184. What is the hundreds digit of h(51)?
7
Let n = -129 - -222. Let b = 280 - n. Suppose u = -2*o + 381, 0 = -o + 3*u + b - 7. What is the units digit of o?
9
Let c(d) = -101*d**2 - 6*d - 5. Let t be c(-2). Let w = 890 + t. What is the tens digit of w?
9
Suppose -3*y + 2 + 19 = 0. Suppose 0 = y*l - 40 - 107. What is the units digit of -7*(-6)/l*(-2 + 42)?
0
Let o(g) = -602*g - 917. What is the units digit of o(-83)?
9
Let h(p) be the first derivative of -25*p**4/4 + p**3/3 - p**2/2 - 2*p - 1. Let l(b) = -3*b**2 - 28*b + 54. Let g be l(-11). What is the units digit of h(g)?
5
Let f = 9319 - 5976. What is the thousands digit of f?
3
Let z(x) = -86*x - 686. What is the units digit of z(-43)?
2
Suppose 4*n - 5*m = 1 + 52, 2*n - 27 = 3*m. What is the tens digit of (n/10 - 1)/(1/365)?
7
Let v = 9698 + -2533. What is the tens digit of v?
6
Let l = 182932 - 121120. What is the ten thousands digit of l?
6
Suppose 5*o + 4*f = 38166, 6088*o - 6083*o = 3*f + 38173. What is the units digit of o?
4
Suppose 0 = -g - 5*m + 2756, 4*g + 7*m - 11090 = 9*m. What is the hundreds digit of g?
7
Suppose -533*z + 1882 = -529*z - 2*h, h + 1408 = 3*z. Suppose 0 = -0*l + 3*l - 9. Suppose z = l*k - g, k + 2*g - 144 = -0*g. What is the units digit of k?
4
Let s(p) = p + 31. Let l be s(-37). What is the units digit of l/9*(1 - 9572/8)?
7
Let l = -41906 + 65627. What is the hundreds digit of l?
7
Let j = 3594 - 3560. What is the tens digit of j?
3
Suppose 3*g + 10374 = 3*b, 0*b - 5*g - 6916 = -2*b. Suppose 19*m + b = 26*m. What is the tens digit of m?
9
Let c be -3 - (-56 - (-8 + 4)). Let p = c + -46. Let k(d) = 19*d - 10. What is the tens digit of k(p)?
4
Let c = -17 - -12. Let w(v) = -v**3 - 3*v**2 - 12*v - 6. Let y be w(c). Suppose y = -k + 288. What is the hundreds digit of k?
1
Let f = 990 + -986. Suppose 0 = -x - 2*x - 3*g + 5580, -f*x + 7415 = -g. What is the units digit of x?
5
Let w = 7113 - 4767. What is the hundreds digit of w?
3
Suppose -4*c - 5*o + 37 = 227, -3*c - 148 = o. Let u = 45 + c. Let l(i) = -21*i + 1. What is the tens digit of l(u)?
0
Let u(c) = 2*c**3 - 5*c**2 - 26*c + 14. Let v be u(6). Let d = 717 + v. What is the units digit of d?
7
Let l = 58614 + -24628. What is the ten thousands digit of l?
3
Let y(k) = 326*k**2 + 68*k + 339. What is the hundreds digit of y(-5)?
1
Suppose 0 = 154*a - 325*a + 1994544. What is the thousands digit of a?
1
Suppose 27420 = -250*o + 262*o. What is the units digit of o?
5
Suppose -5*r + 3*p - 65 = 0, 4*p = r + 6 + 7. What is the units digit of (-1)/r - 41216/(-598)?
9
Let d(s) = 17*s**2 + 1316*s - 200. What is the ten thousands digit of d(-87)?
1
Let m(i) = -35*i**3 + 13*i**2 + 7*i - 243. What is the units digit of m(-11)?
8
Let q(t) = -952*t - 526. What is the tens digit of q(-4)?
8
Let l be 1950/(-9) - (-15)/9. What is the hundreds digit of (-3*6)/(5/(l/2))?
3
Let d(i) = i - 15. Let l be d(6). Let v(a) = -4*a - 11. Let q be v(l). What is the tens digit of 66 + q/(-5) - 5?
5
Let h(u) = u - 18. Let p be h(17). Let q be p/(-3) + 64/(-3). What is the units digit of 3/q - (-1 - (-232)/(-7))?
4
Suppose -4 = 17*i - 72. Suppose -5*v + 2*z + 1188 = 0, i*v + 0*z - 5*z = 964. What is the hundreds digit of v/(-3 + (-15)/(-3))?
1
Let t(u) = 144*u**2 + 133*u - 1184. What is the tens digit of t(10)?
4
Suppose 72197 + 29146 = 10*c - 61877. What is the ten thousands digit of c?
1
Let l(i) = 2*i**2 - 14*i + 21. Let p be (-1 - -4)/(16/48). Suppose -5*d + 6*d = p. What is the units digit of l(d)?
7
Let f(d) = -d**3 - 8*d**2 - 5*d + 6. Suppose 5*s = -4*n - 23, -4*s + 3*s = -2*n + 13. Let r be f(s). What is the hundreds digit of (-2 + -212)*r/16?
1
Let o = 52 + 22. Let i = -137 + o. What is the units digit of (3/(-9))/(7/i)?
3
Suppose -14*o + 16*o - 16 = 0. Suppose -2*f - 2*g + 6 = 0, -6*g - o = -f - 2*g. Suppose -4*u - h = -299, f*h - 68 = -u + 6*h. What is the tens digit of u?
7
Let m be (-7)/21*-54*2. Suppose -21*s = -m*s + 1455. What is the tens digit of s?
9
Suppose -5*a = -8